et m be (10/(-15))/(1/(-6)). Suppose -n - 5*d + 0*d = -46, m*n + 3*d - 99 = 0. Is n a composite number?
True
Suppose -4*j - 6 = 5*k + 87, 2*k - 5*j + 24 = 0. Let w = k - -24. Is w a composite number?
False
Let v = 8 - 4. Let k(g) be the first derivative of 2*g**3/3 + g + 1. Is k(v) composite?
True
Let u(x) = 1 - x + 2*x + 70*x**2 - 3*x. Let a be u(-2). Suppose 4*t - t = a. Is t a prime number?
False
Suppose 3*y + 1 - 19 = 0. Is 320 + 2/(y/(-9)) a composite number?
False
Let m(a) = a**2 - 5*a + 6. Let f be m(5). Let h(k) = k**2 - 3. Let o be h(f). Is o + 2 + 2 + -2 a composite number?
True
Let w(y) = -15*y + 48. Is w(-5) a composite number?
True
Suppose x = 4*m + 4*x - 2, -2*x - 4 = 0. Suppose -3*p = 5*u - 247, 3*p - 457 = -m*p + 3*u. Is p a composite number?
False
Is 589 + (4 - 24/4) composite?
False
Suppose -n = -4*o + 49, 4*n - 6*n - 110 = -5*o. Let m = 46 + n. Let k = 40 + m. Is k composite?
True
Suppose -2*s = -s - 3. Suppose m = s*m - 28. Is m prime?
False
Let m = 6 + -4. Let t be 464/m + 8 + -10. Suppose -2*g + 2*c - 6*c + t = 0, 338 = 3*g - c. Is g a prime number?
True
Let g = 73 - 34. Is g composite?
True
Suppose 3*h = -5*w + 1209, -h - 2*h + 5*w = -1179. Is h a prime number?
False
Suppose 0 = -7*x + 10192 + 91. Is x prime?
False
Let t = -5 + 6. Suppose -2*a + 2*d = 2, 4*a - 2*d = 5 - 1. Suppose x - a = t. Is x prime?
False
Let t(m) = -1 - m - 2 + 38*m**2 + 6 - 2*m. Is t(2) a composite number?
False
Suppose 2*t - 3*t = -1043. Is t a prime number?
False
Let f(q) be the third derivative of 0*q + 59/60*q**5 + 1/24*q**4 - q**2 + 0 - 1/6*q**3. Is f(1) a composite number?
False
Is 6198/54 - 6/(-27) a composite number?
True
Let k(i) = 5*i**3 - 3*i**2 - 6*i - 1. Let s(c) = 9*c**3 - 7*c**2 - 11*c - 3. Let w(q) = 11*k(q) - 6*s(q). Is w(-9) a composite number?
False
Is 968 - (-3 + 7 + -3) a prime number?
True
Let k(v) = -8*v**3 + 5*v**2 + 8*v + 2. Is k(-5) a composite number?
False
Let v be (4/5)/((-2)/(-320)). Suppose -2*j + v = -4*o + 2*o, 0 = 4*o - 5*j + 253. Let p = o - -101. Is p prime?
False
Let x(o) = -3*o**3 - 5*o**2 + 17*o + 6. Let t(a) = -a**3 - 2*a**2 + 6*a + 2. Let s(y) = 8*t(y) - 3*x(y). Is s(3) composite?
False
Suppose -75 = -3*q - 5*p + 2*p, -5*q + 3*p = -93. Is q composite?
True
Is (-101)/(-4) - 3/(-4) prime?
False
Let b be (66 + 0)*(-2)/(-2). Let g = b - 36. Suppose r + r = g. Is r prime?
False
Let u(o) = 9*o - 4. Let d(v) = v**2 + v + 1. Let t be d(-2). Suppose -t*w = w - 12. Is u(w) a prime number?
True
Let w = 1337 - 436. Is w a prime number?
False
Suppose -4*d + 10 = 2. Suppose 3*m = j + 2088, 0 = 3*m - m - d*j - 1396. Is m a prime number?
False
Let s be (-499)/(-4) - (-6)/24. Suppose 2*v - 383 + s = 0. Is v a composite number?
True
Let c(w) be the third derivative of 4*w**2 + 0*w**4 + 19/20*w**5 + 0*w + 1/6*w**3 + 0. Is c(-1) composite?
True
Let k be -4 + (-1)/((-4)/1556). Suppose -6*u = -u - k. Is u composite?
True
Let t = 32 - -63. Is t a prime number?
False
Let z(t) be the first derivative of -t**2/2 + 4*t - 2. Suppose -4*h + h - 9 = 0. Is z(h) prime?
True
Suppose 5*x - 24 = u, 3*u - 14 = -4*x + 9. Suppose -x*z + 145 = 5*i, -12 + 32 = -4*z. Is i a composite number?
True
Let k(f) = -f**3 + 5*f**2 + 3*f + 6. Let z be k(6). Let y be (z/(-15))/((-2)/(-60)). Let p = y + -3. Is p composite?
True
Let v = -169 + 378. Suppose -h + 3*a + 156 = 2*h, -4*h + v = -3*a. Is h a composite number?
False
Suppose 4*z - 5 = a, -3*a + 7 = 2*a - 4*z. Suppose 21 = a*x - 120. Is x a prime number?
True
Let b(n) = -n**2 + 6*n + 10. Let f be b(7). Suppose -f*h + 1004 = h. Is h a composite number?
False
Let j(f) = 5*f**3 + 3*f**2 + 1. Let a be j(4). Suppose o = 4*w - 0*w + a, 2*o + 2*w = 768. Suppose 7*t = 10*t - o. Is t composite?
False
Let z(u) = u + 4. Let q be z(-4). Let k be (q/(-5))/(3 - 1). Suppose k = -i + 186 + 73. Is i a prime number?
False
Suppose -11*z - 21270 = -17*z. Is z composite?
True
Let i = -5 + 3. Let f be i/(-5) + (-3)/(-5). Is (-3)/(f - -2)*-131 a composite number?
False
Let q be (-22)/(-6) + (-4)/6. Suppose 0 = -4*d - 29 - q. Is d/(-28) - 257/(-7) a composite number?
False
Suppose 0 = 4*r - 0*r - 176. Suppose -r + 436 = 2*t + 5*o, -4*t = 3*o - 770. Is t a composite number?
False
Let j(z) = -27*z. Let f be j(1). Let b be ((-1784)/6)/((-3)/f). Is b/(-30) + 1/(-5) a composite number?
False
Let p = 1089 + -475. Is p a composite number?
True
Let x(g) = g**3 - 7*g**2 + 7*g - 2. Let f be x(6). Suppose 100 = 4*k + f. Let s = k + 41. Is s composite?
True
Let z be (62/3)/((-1)/3). Let h = z - -93. Is h a composite number?
False
Suppose -m = -4*m - f + 1113, 1855 = 5*m + 2*f. Is m a composite number?
True
Let f(x) = 24*x - 8. Let y(r) = -24*r + 9. Let p(k) = 5*f(k) + 4*y(k). Let j be p(5). Let g = j - 49. Is g a composite number?
False
Suppose -m = -6*m + 325. Is m/10*(-1 - -15) a composite number?
True
Let c(h) = -1 + 3*h - 2 + 7. Let z = -11 - -14. Is c(z) a prime number?
True
Suppose 10 + 6 = -2*r. Is r/28 + 214/14 a composite number?
True
Suppose -21 = -2*p - 5*s, 6*p - 24 = 2*p - 4*s. Suppose -p*j + 7 = -5. Suppose -j*m = 4*w - 92, 7*m + 64 = 4*w + 4*m. Is w a prime number?
True
Let y(o) = 7*o**2 - 7*o + 5. Is y(5) a composite number?
True
Suppose -2*h + 2*g = -174, h - 5*g + 0 = 95. Is h a composite number?
True
Let b(t) = 55 - 2*t**3 - t**2 + 0*t + t**3 - t + 74. Is b(0) a prime number?
False
Let l be (6/5 - 0)*40. Suppose l = t - 5*g, 3*g - 2*g = -5. Is t composite?
False
Let l(q) = -q**2 - 7*q - 7. Let y be l(-4). Let z(r) = 30*r**2 - r - 2. Is z(y) prime?
True
Suppose -3*j = -2*q + 4, 3*j + 14 = 4*q - 0*q. Suppose -j*c = -c. Let f(x) = -x + 53. Is f(c) a prime number?
True
Let d = -4 - -16. Let v be (0 + 1)/(3/30). Let j = v + d. Is j a prime number?
False
Suppose -15 = -8*i + 3*i. Suppose i*s - 86 = s. Is s a composite number?
False
Let s(a) = -a - 10. Let f be s(0). Let r = 10 + f. Suppose r*i + 45 = 3*i. Is i composite?
True
Let x be (-38)/(-8) + (-33)/44. Suppose 5*w + 5*j = 1310, 2*w = 2*j + 562 - 38. Suppose x*k - 375 = n + 184, 4*n + w = 2*k. Is k a composite number?
True
Suppose -2*b = -3*j - 7, -4*b + 25 = b. Let d = 4 + j. Suppose d*g = -3*q + 24, 5*g = 3*q + 2 + 4. Is g composite?
False
Let t(i) = 122*i - 57. Is t(11) a composite number?
True
Let j(r) be the first derivative of 5/3*r**3 - 1 - 5*r + 1/4*r**4 + r**2. Is j(-4) a prime number?
True
Suppose 1816 = -p + 5*p + 5*h, -p - 5*h = -469. Is p a prime number?
True
Let m(p) = -p**3 - 4*p**2 + 6*p + 4. Let x be m(-5). Let b be (4/(-12))/(x/3). Suppose -2*r + 7 = -b. Is r composite?
True
Suppose 3*u + n - 749 = 0, 0*u = -3*u + 5*n + 719. Suppose 0*w - 4*w = -u. Is w prime?
False
Let q = 305 - 103. Is q composite?
True
Suppose 4*p + 4*d + 8 = 0, 0 = 4*p - d - 7 - 0. Let a be 20/8 - p/2. Suppose -5*i - 3*z = -240 - 158, -i + 81 = a*z. Is i a composite number?
False
Is (-1329)/(-3) - 0/(-1) prime?
True
Suppose 3*k + l - 32 = -0*l, -l - 64 = -5*k. Is -3*8/k + 393 composite?
True
Suppose -2*n + 21 = -0*l + 5*l, -3*n = l - 12. Let p(m) = n - 17*m + 1 + 2*m**2 + 6*m. Is p(7) a prime number?
False
Suppose -1206 - 1202 = -4*v + 3*i, 0 = -2*v + i + 1206. Suppose -v - 179 = -4*y. Suppose 3*a = y + 11. Is a a prime number?
False
Let i be ((-21)/(-9))/(3/(-342)). Let a = -160 - i. Suppose -4*o + a = 18. Is o a composite number?
True
Let v = -5 + 8. Suppose 2*c - 5 - 3 = 0. Suppose -v*q - 6 = -c*q. Is q prime?
False
Suppose -5*z = -4*z - 4. Suppose 0 = 5*l - i - 172, -z*l + 5*l - 24 = -5*i. Is l composite?
True
Suppose 0 = 3*c + 2*q - 4629, -5*c - q + 8528 - 813 = 0. Is c composite?
False
Let h be -15 + (3 - 12/2). Is h/(-3)*(-23)/(-2) prime?
False
Suppose 4*i - 2569 = -3*h, 2541 = -h + 4*h - 3*i. Is h a composite number?
True
Let l = -6731 - -3161. Is l/(-24) + (-1)/(-4) a composite number?
False
Let f(m) = -m**2 - m + 2. Let r be f(-2). Suppose 2*y - 3*y + 222 = 4*z, -3*z - 2*y + 169 = r. Is z composite?
True
Is (2084/14)/((-9)/(-63)) composite?
True
Let r(m) = 4*m**2 - 2*m - 1. Let a be r(-1). Suppose 0*u = -a*u + 15. Suppose 0*p + u*p = 4*x + 22, -5*x - 45 = -5*p. Is p a prime number?
False
Let j(p) be the second derivative of -p**7/840 - p**6/90 - p**5/40 - p**4/24 - p**3/6 + p. Let c(v) be the second derivative of j(v). Is c(-6) prime?
True
Let d = -23 + 11. Let j = 61 +